 5*b**2 - 2*b + 1. Let t be s(l). Suppose -j + t*j = 63. What is the tens digit of j?
2
Let w(l) = -6*l**2 + 6*l + 7. Let c be w(-3). What is the tens digit of 1107/13 + 10/c?
8
Suppose -54 = 12*a + 102. Let x = 10 - a. What is the units digit of x?
3
Let g(p) = 25*p + 1. Let m be g(-1). Let t = -69 - -109. Let d = t + m. What is the tens digit of d?
1
Let y = -1 - -1. Suppose c + 3*c = 4*n - 40, 0 = -4*n + 2*c + 30. Suppose y = n*g - 3*g - 8. What is the units digit of g?
4
Let u(j) = 2*j**3 + 9*j**2 - 7*j. What is the tens digit of u(-5)?
1
Let n = -2 - 2. Let h be -2 + (-1 - n) - -9. What is the tens digit of (-1 + 18/h)*15?
1
Let h(g) be the second derivative of -g**4/12 + 11*g**3/2 + 25*g**2/2 + 11*g - 1. What is the units digit of h(25)?
5
Suppose 5*u + 5*k - 95 = 0, 5*k + 155 = 4*u + 43. What is the tens digit of u?
2
Let w(g) = 2*g**2 - 4*g - 1. Let s be w(4). Let u be (-3 - -6)/(0 - 12/(-452)). Suppose s = 2*o - u. What is the tens digit of o?
6
Suppose 2*d + 29 = 3*d - 3*z, -2*d = 4*z - 108. Suppose 17 = -m + d. What is the tens digit of m?
2
Let y(x) = -1228*x**3 - x**2 + 7*x + 8. What is the thousands digit of y(-1)?
1
Let l(h) = -h - 11. Let u be l(-6). Let d(k) = k**2 + 3*k - 4. Let t be d(u). Suppose 270 = t*i - i. What is the units digit of i?
4
Let a(l) = 2*l + 5. Let b be a(2). Suppose -b = -m + 29. What is the units digit of m?
8
Let q be 29 + ((-9)/3)/(-3). Suppose 90 + q = 2*m. What is the tens digit of m?
6
Let u = 3938 + -3040. What is the hundreds digit of u?
8
Suppose -5*t + 1113 = 3*c, 0*c = 4*t + c - 896. Let a = t - 115. Suppose -9*v + 4*v + a = 0. What is the tens digit of v?
2
Suppose -2*x - 3*f + 2*f + 8542 = 0, 2*x - 2*f - 8542 = 0. What is the units digit of x?
1
Let y(t) = t**3 + 9*t**2 + 9*t + 11. Let g be y(-8). Suppose q + g*n = -12, 0 = 2*q + 4*n - 2*n + 4. What is the units digit of ((-78)/(-8))/(q/12)?
9
Suppose 2*i - 9 = -i. Suppose -i*s + 5*v - 46 = 0, -2*s + 3*v - 20 = 10. What is the units digit of (-575)/(-35) + s/28?
6
Let j = -246 - -48. Let i = 417 + j. What is the hundreds digit of i?
2
Let z(c) = -c + 9. Let q(g) be the first derivative of g**2/2 - 13*g - 7. Let k(v) = -5*q(v) - 8*z(v). What is the tens digit of k(6)?
1
Let n be 10/(1 - (-18)/(-22)). Suppose 0 = -4*f - 7*g + 11*g + 92, -4*g = -5*f + 113. Suppose -f - n = -y. What is the units digit of y?
6
Let v(x) be the first derivative of 6*x**2 + 21*x + 1. What is the units digit of v(13)?
7
Let h(g) = -180*g**3 - 2*g**2 - 3*g - 2. Suppose -4 = -i + 5*y + 5, i = -y - 3. What is the tens digit of h(i)?
7
Suppose -3*m + 30 = -3*a, 3*m + 2*m = -2*a + 15. Let h(k) = 3*k - 1 - k + m*k**2 + 0 + 5. What is the tens digit of h(-3)?
4
Let o(j) = j**2 - 8*j + 2. Let l = -15 + 25. Let k = l + 1. What is the tens digit of o(k)?
3
Suppose 0 = 6*j + 6*j - 1476. Let s(i) = i - 3. Let m be s(6). Suppose -u + m*u = -3*t + 89, -3*u + j = t. What is the tens digit of u?
4
Suppose -4*y + 32 = -164. Let f = y + -29. What is the tens digit of (-388)/(-5) - (-8)/f?
7
Let c = -2191 + 3143. Suppose 4*g + 0*a - c = -a, a = 4*g - 960. What is the tens digit of g?
3
Let n(c) = 18*c**2 + 2*c + 1. Let q be n(3). Let h = 372 - q. What is the hundreds digit of h?
2
Suppose z + 4*z + 70 = 0. Let y be (z/4)/(-7)*-8. Let l = 38 - y. What is the units digit of l?
2
Suppose 982*p - 962*p - 31880 = 0. What is the tens digit of p?
9
Suppose 21*j - 23*j = -4. Suppose 98 = j*p - 34. What is the units digit of p?
6
Suppose 3*d = -2*c + c + 5, -2*d = 2. Let j(g) = -g**3 + 8*g**2 - g + 9. What is the units digit of j(c)?
1
Let p = 6 + -4. Let f(o) = 13*o**2 - 4*o + 1. What is the units digit of f(p)?
5
Let n = -235 - -925. What is the tens digit of n?
9
Suppose -c - 22 = -4*h, 0 = 3*h + 3*c - c - 22. Let q(k) = k**2 - 8*k + 6. Let x be q(h). What is the units digit of -2*((-3)/x)/(-1)?
1
Suppose 0 = 25*t - 26*t - 11. What is the tens digit of (-12 - t)/((-1)/293)?
9
Let f(n) = -2*n**2 + 13*n - 6. Let l be f(6). Suppose 5*g - 66 = -4*z, 5*g + l*z = -3*z + 67. Suppose 2 = 2*j - g. What is the units digit of j?
8
Suppose 0 = 3*b + 2*t + 19, -5*t = 4*b - 0*b + 37. Let a be ((0 + 18)/b)/2. Let s(f) = -4*f + 6. What is the tens digit of s(a)?
1
What is the thousands digit of 28944/(-67)*80/(-6)?
5
Suppose 0 = 3*l - 6, 3*l - 1134 = -2*i - 2*l. Let k = -319 + i. What is the tens digit of k?
4
Let m(p) = 2*p**2 + 6*p + 7. Let a be m(-3). Let i(h) = h**2 - 4*h + 15. What is the tens digit of i(a)?
3
What is the hundreds digit of -2 - (-11908)/20 - (-6)/(-15)?
5
Suppose -6*x + 35 = x. Suppose x*g = -4*p + 235, 9*g - 7*g = p - 49. What is the units digit of p?
5
Let u(w) = -7*w**3 - 4*w**2 - 48*w - 8. What is the thousands digit of u(-6)?
1
Let z(b) = 23*b**2 + 13*b + 84. What is the thousands digit of z(12)?
3
Let f(x) = -48*x**3 - 3*x**2 + 10*x + 24. What is the units digit of f(-3)?
3
Suppose 23*x - 3569 = -970. What is the hundreds digit of x?
1
Let v be (2 + (-56)/20)*5. Let d be -3*(13 - 1)/v. What is the units digit of 168/d + (-8)/12?
8
Suppose 0 = m - 15 + 14, 1456 = a - 2*m. What is the tens digit of a?
5
What is the tens digit of -5*((-27170)/25 - 5)?
5
Suppose 323*d - 334*d + 14586 = 0. What is the tens digit of d?
2
Suppose 0 = -3*v + 23 - 8. Suppose v*z + 32 = l - 0*l, 0 = 4*z + 3*l + 18. What is the tens digit of (z - -3 - 2)*-4?
2
Let s be ((-1)/(-2))/((-26)/(-260)). Suppose -s*a - 1615 = -10*a. What is the hundreds digit of a?
3
Let w = -1309 - -2049. What is the units digit of w?
0
Suppose 5*j = -y + 8, -1 = 2*y + 3. Suppose -3*c + 146 = -2*c. Suppose 0*o - 76 = -j*o + 2*f, 0 = 4*o - f - c. What is the units digit of o?
6
Let c be ((-12)/(-8) - 1)*6. Suppose 0*w = -w, 4*u = -c*w. Suppose 3*n + 3*v + 11 = 80, -5*n - 4*v + 115 = u. What is the units digit of n?
3
Let w(m) be the first derivative of 3*m**4/4 - 5*m**3/3 + 2*m**2 - 2*m + 1. What is the tens digit of w(3)?
4
Let t(p) = 35*p**2 - 1. Let h be t(-1). Let a = h + 28. What is the tens digit of a?
6
Suppose 4*x = 2*x - 4. Let t(j) = 2*j**2 - 3*j - 1. Let s be t(x). Let o = 40 - s. What is the units digit of o?
7
Let w(z) = -z**2 + 5*z - 1. Let o be w(3). Suppose l - 4*l - o*n = -40, 0 = 2*l - 3*n - 14. Let y = 12 - l. What is the units digit of y?
2
Suppose 5*l - 4 = 4*l. What is the units digit of (l - 26)/((-3)/6)?
4
Let k = 114 - -900. What is the units digit of k?
4
What is the units digit of 1 + 52833/55 + 2/5?
2
Suppose 2*x = 4*d - 78, 3*d + 9 + 6 = 0. Let j = 72 - 103. Let h = j - x. What is the units digit of h?
8
Let k = 205 - 0. Suppose -10*q = -5*q + k. Let n = q - -66. What is the units digit of n?
5
What is the tens digit of (-4 - 70/(-10))*887?
6
Suppose 4*r + 8*r - 2232 = 0. What is the hundreds digit of r?
1
Let c(d) = d**3 + 5*d**2 - 36*d + 32. What is the thousands digit of c(13)?
2
Suppose 4*h - 1045 = -5*i, -h + 25*i - 30*i = -280. What is the hundreds digit of h?
2
What is the units digit of 3524*4/48 - 1/(-3)?
4
What is the hundreds digit of ((-90)/72)/((-1)/1604)?
0
Suppose -30*l = -47*l + 62084. What is the tens digit of l?
5
Let s(n) = n**3 + 8*n**2 - 11*n - 6. Let a be s(-9). Let o = 16 - a. What is the units digit of o?
4
Let g(i) = 5*i + 24. Let r be g(-5). What is the tens digit of (0 - r - 2)*-65?
6
Let k = 37 + -33. Suppose 10 = k*z + 2*d, -d - 1 = -2*d. Suppose -r + 92 = -w - 4*w, -80 = -r + z*w. What is the units digit of r?
2
Suppose -2*b + 4*s = -5*b - 214, -152 = 2*b + 5*s. Let w = b + 111. What is the tens digit of w?
4
Suppose -3*v = 2*v - 3*g - 10045, 5*v - 2*g = 10045. What is the thousands digit of v?
2
Suppose 14 = -6*p + 26. Suppose 45 = -s + 6*s. Suppose 2*u + s = i, p*u = i + 4*i - 61. What is the units digit of i?
3
Let g(l) = 4*l + 9. Let u be g(-4). Let a = u + 39. What is the tens digit of a?
3
Let d = -2501 - -5971. What is the thousands digit of d?
3
Let l(c) be the second derivative of 2*c + 2/3*c**3 + 1/6*c**4 - 1/10*c**5 + 0 - 1/2*c**2. What is the units digit of l(-3)?
9
Suppose -13*g = -16*g. Suppose g = f + 3*h - 57, 3*h = 13 - 4. What is the units digit of f?
8
Let g(i) be the third derivative of i**6/120 + i**5/20 - i**4/24 - i**3/2 + 8*i**2. Let l be g(4). Let j = -57 + l. What is the tens digit of j?
4
Let i = -2786 - -3843. What is the hundreds digit of i?
